{"id":8955,"date":"2020-01-20T15:04:29","date_gmt":"2020-01-20T14:04:29","guid":{"rendered":"http:\/\/kwltmvc.cluster028.hosting.ovh.net\/?page_id=8955"},"modified":"2020-02-17T19:01:52","modified_gmt":"2020-02-17T18:01:52","slug":"citoyennete","status":"publish","type":"page","link":"https:\/\/aaj-aube.org\/index.php\/citoyennete\/","title":{"rendered":"Participation et citoyennet\u00e9"},"content":{"rendered":"<p>[vc_row][vc_column][vc_column_text]<\/p>\r\n<p class=\"has-drop-cap\" style=\"text-align: left;\">Pour Action Jeunesse de l&rsquo;Aube, le jeune accompagn\u00e9 ne doit pas \u00eatre au centre du dispositif, <strong>c&rsquo;est le dispositif qui doit \u00eatre centr\u00e9 sur le jeune<\/strong>. Cela implique une individualisation constante de notre intervention et une prise en compte de la parole du jeune qui doit \u00eatre impliqu\u00e9 dans son accompagnement par une co-construction de son <strong>P<\/strong>rojet d&rsquo;<strong>A<\/strong>ccompagnement <strong>P<\/strong>ersonnalis\u00e9. Mais l&rsquo;implication ne se d\u00e9cr\u00e8te pas, elle s&rsquo;apprend. Il s&rsquo;agit de passer d&rsquo;une configuration de vuln\u00e9rabilit\u00e9, induite par la notion d&rsquo;aide contrainte, \u00e0 une capacit\u00e9 d&rsquo;agir ou empowerment, ce processus par lequel un individu acquiert les moyens de renforcer sa capacit\u00e9 d&rsquo;action et de s&rsquo;\u00e9manciper. C&rsquo;est \u00e0 cette condition que les jeunes pourront s&rsquo;approprier pleinement leur parcours de vie \u00e0 l&rsquo;issue de notre intervention.<\/p>\r\n\r\n<p>Afin de de soutenir cette d\u00e9marche, Action Jeunesse de l&rsquo;Aube a particip\u00e9 en 2019 \u00e0 la <a href=\"https:\/\/entendsmoi.defenseurdesdroits.fr\/\" target=\"_blank\" rel=\"noreferrer noopener\" aria-label=\" (s\u2019ouvre dans un nouvel onglet)\">Consultation Nationale des Droits de l&rsquo;enfant<\/a> organis\u00e9e par la D\u00e9fenseure des Enfants, Madame Genevi\u00e8ve Avenard dans le cadre de la c\u00e9l\u00e9bration des 30 ans de la Convention Internationale des Droits de l&rsquo;Enfant. 10 jeunes accompagn\u00e9s par notre association ont particip\u00e9 \u00e0 des ateliers afin de faire des propositions d&rsquo;am\u00e9liorations de leur droit. Sur le territoire national, c&rsquo;est 2200 enfants qui ont fait remonter 276 propositions r\u00e9unies dans un <a href=\"https:\/\/entendsmoi.defenseurdesdroits.fr\/wp-content\/uploads\/2019\/11\/DDD_Recueil-consultation_FR.pdf\" target=\"_blank\" rel=\"noreferrer noopener\" aria-label=\"recueil \u00e0 t\u00e9l\u00e9charger ici (s\u2019ouvre dans un nouvel onglet)\">recueil \u00e0 t\u00e9l\u00e9charger ici<\/a>.<\/p>\r\n\r\n<p>&nbsp;<\/p>\r\n\r\n<p>Le 20 novembre 2019, trois jeunes accompagn\u00e9s par l&rsquo;AJA ont \u00e9t\u00e9 invit\u00e9s \u00e0 l&rsquo;UNESCO afin de f\u00eater les 30 ans de la <a href=\"https:\/\/www.humanium.org\/fr\/convention\/\" target=\"_blank\" rel=\"noreferrer noopener\" aria-label=\"CIDE (s\u2019ouvre dans un nouvel onglet)\">CIDE<\/a> en pr\u00e9sence du Pr\u00e9sident de la R\u00e9publique. Sur le principe de la conf\u00e9rence invers\u00e9e, des jeunes ont interpell\u00e9 des personnalit\u00e9s politiques sur le respect des droits de l&rsquo;enfant.<\/p>\r\n\r\n<p>[\/vc_column_text][\/vc_column][\/vc_row][vc_row][vc_column][vc_gallery type=\u00a0\u00bbflexslider_slide\u00a0\u00bb interval=\u00a0\u00bb3&Prime; images=\u00a0\u00bb9262,9286,9288,9289,9271&Prime; img_size=\u00a0\u00bbfull\u00a0\u00bb onclick=\u00a0\u00bb\u00a0\u00bb title=\u00a0\u00bb30\u00e8me anniversaire de la CIDE\u00a0\u00bb][\/vc_column][\/vc_row]<\/p>","protected":false},"excerpt":{"rendered":"<p>[vc_row][vc_column][vc_column_text] Pour Action Jeunesse de l&rsquo;Aube, le jeune accompagn\u00e9 ne doit pas \u00eatre au centre du dispositif, c&rsquo;est le dispositif qui doit \u00eatre centr\u00e9 sur le jeune. Cela implique une individualisation constante de notre intervention et une prise en compte de la parole du jeune qui doit \u00eatre impliqu\u00e9 dans son accompagnement par une co-construction [&hellip;]<\/p>\n","protected":false},"author":2,"featured_media":0,"parent":0,"menu_order":0,"comment_status":"closed","ping_status":"closed","template":"","meta":{"footnotes":""},"class_list":["post-8955","page","type-page","status-publish","hentry"],"_links":{"self":[{"href":"https:\/\/aaj-aube.org\/index.php\/wp-json\/wp\/v2\/pages\/8955","targetHints":{"allow":["GET"]}}],"collection":[{"href":"https:\/\/aaj-aube.org\/index.php\/wp-json\/wp\/v2\/pages"}],"about":[{"href":"https:\/\/aaj-aube.org\/index.php\/wp-json\/wp\/v2\/types\/page"}],"author":[{"embeddable":true,"href":"https:\/\/aaj-aube.org\/index.php\/wp-json\/wp\/v2\/users\/2"}],"replies":[{"embeddable":true,"href":"https:\/\/aaj-aube.org\/index.php\/wp-json\/wp\/v2\/comments?post=8955"}],"version-history":[{"count":12,"href":"https:\/\/aaj-aube.org\/index.php\/wp-json\/wp\/v2\/pages\/8955\/revisions"}],"predecessor-version":[{"id":9331,"href":"https:\/\/aaj-aube.org\/index.php\/wp-json\/wp\/v2\/pages\/8955\/revisions\/9331"}],"wp:attachment":[{"href":"https:\/\/aaj-aube.org\/index.php\/wp-json\/wp\/v2\/media?parent=8955"}],"curies":[{"name":"wp","href":"https:\/\/api.w.org\/{rel}","templated":true}]}}